{"id":371,"date":"2021-07-28T14:54:57","date_gmt":"2021-07-28T14:54:57","guid":{"rendered":"https:\/\/2112lab.com.br\/home\/?page_id=371"},"modified":"2021-07-28T15:06:03","modified_gmt":"2021-07-28T15:06:03","slug":"manifesto","status":"publish","type":"page","link":"https:\/\/2112lab.com.br\/home\/manifesto\/","title":{"rendered":"Manifesto"},"content":{"rendered":"\t\t<div data-elementor-type=\"wp-page\" data-elementor-id=\"371\" class=\"elementor elementor-371\" data-elementor-settings=\"[]\">\n\t\t\t\t\t\t\t<div class=\"elementor-section-wrap\">\n\t\t\t\t\t\t\t<section class=\"elementor-section elementor-top-section elementor-element elementor-element-2e0e812 elementor-section-full_width elementor-section-height-default elementor-section-height-default\" data-id=\"2e0e812\" data-element_type=\"section\">\n\t\t\t\t\t\t<div class=\"elementor-container elementor-column-gap-default\">\n\t\t\t\t\t<div class=\"elementor-column elementor-col-100 elementor-top-column elementor-element elementor-element-dd4248f\" data-id=\"dd4248f\" data-element_type=\"column\">\n\t\t\t<div class=\"elementor-widget-wrap elementor-element-populated\">\n\t\t\t\t\t\t\t\t<div class=\"elementor-element elementor-element-0faac3f elementor-widget-divider--view-line elementor-widget elementor-widget-divider\" data-id=\"0faac3f\" data-element_type=\"widget\" data-widget_type=\"divider.default\">\n\t\t\t\t<div class=\"elementor-widget-container\">\n\t\t\t\t\t<div class=\"elementor-divider\">\n\t\t\t<span class=\"elementor-divider-separator\">\n\t\t\t\t\t\t<\/span>\n\t\t<\/div>\n\t\t\t\t<\/div>\n\t\t\t\t<\/div>\n\t\t\t\t\t<\/div>\n\t\t<\/div>\n\t\t\t\t\t\t\t<\/div>\n\t\t<\/section>\n\t\t\t\t<section class=\"elementor-section elementor-top-section elementor-element elementor-element-5212250 elementor-section-boxed elementor-section-height-default elementor-section-height-default\" data-id=\"5212250\" data-element_type=\"section\">\n\t\t\t\t\t\t<div class=\"elementor-container elementor-column-gap-default\">\n\t\t\t\t\t<div class=\"elementor-column elementor-col-33 elementor-top-column elementor-element elementor-element-6d5a746\" data-id=\"6d5a746\" data-element_type=\"column\">\n\t\t\t<div class=\"elementor-widget-wrap elementor-element-populated\">\n\t\t\t\t\t\t\t\t<div class=\"elementor-element elementor-element-14b5982 elementor-widget elementor-widget-image\" data-id=\"14b5982\" data-element_type=\"widget\" data-widget_type=\"image.default\">\n\t\t\t\t<div class=\"elementor-widget-container\">\n\t\t\t\t\t\t\t\t\t\t\t\t\t\t\t<img src=\"https:\/\/2112lab.com.br\/home\/wp-content\/uploads\/elementor\/thumbs\/nosso-manifesto-pasbthxpvbktic8eaj0y4u75rnp2f6hlxzxn32ton4.png\" title=\"nosso-manifesto\" alt=\"nosso-manifesto\" \/>\t\t\t\t\t\t\t\t\t\t\t\t\t\t\t<\/div>\n\t\t\t\t<\/div>\n\t\t\t\t\t<\/div>\n\t\t<\/div>\n\t\t\t\t<div class=\"elementor-column elementor-col-66 elementor-top-column elementor-element elementor-element-6e9c8ca\" data-id=\"6e9c8ca\" data-element_type=\"column\">\n\t\t\t<div class=\"elementor-widget-wrap elementor-element-populated\">\n\t\t\t\t\t\t\t\t<div class=\"elementor-element elementor-element-1c3d5ec elementor-widget elementor-widget-image\" data-id=\"1c3d5ec\" data-element_type=\"widget\" data-widget_type=\"image.default\">\n\t\t\t\t<div class=\"elementor-widget-container\">\n\t\t\t\t\t\t\t\t\t\t\t\t\t\t\t<img width=\"768\" height=\"888\" src=\"https:\/\/2112lab.com.br\/home\/wp-content\/uploads\/2021\/07\/destaque-manifesto-768x888.png\" class=\"attachment-medium_large size-medium_large\" alt=\"\" loading=\"lazy\" srcset=\"https:\/\/2112lab.com.br\/home\/wp-content\/uploads\/2021\/07\/destaque-manifesto-768x888.png 768w, https:\/\/2112lab.com.br\/home\/wp-content\/uploads\/2021\/07\/destaque-manifesto-260x300.png 260w, https:\/\/2112lab.com.br\/home\/wp-content\/uploads\/2021\/07\/destaque-manifesto-886x1024.png 886w, https:\/\/2112lab.com.br\/home\/wp-content\/uploads\/2021\/07\/destaque-manifesto-1329x1536.png 1329w, https:\/\/2112lab.com.br\/home\/wp-content\/uploads\/2021\/07\/destaque-manifesto.png 1424w\" sizes=\"(max-width: 768px) 100vw, 768px\" \/>\t\t\t\t\t\t\t\t\t\t\t\t\t\t\t<\/div>\n\t\t\t\t<\/div>\n\t\t\t\t\t<\/div>\n\t\t<\/div>\n\t\t\t\t\t\t\t<\/div>\n\t\t<\/section>\n\t\t\t\t<section class=\"elementor-section elementor-top-section elementor-element elementor-element-a2d8d75 elementor-section-boxed elementor-section-height-default elementor-section-height-default\" data-id=\"a2d8d75\" data-element_type=\"section\">\n\t\t\t\t\t\t<div class=\"elementor-container elementor-column-gap-default\">\n\t\t\t\t\t<div class=\"elementor-column elementor-col-100 elementor-top-column elementor-element elementor-element-a2981e3\" data-id=\"a2981e3\" data-element_type=\"column\">\n\t\t\t<div class=\"elementor-widget-wrap elementor-element-populated\">\n\t\t\t\t\t\t\t\t<div class=\"elementor-element elementor-element-45350e8 elementor-widget elementor-widget-text-editor\" data-id=\"45350e8\" data-element_type=\"widget\" data-widget_type=\"text-editor.default\">\n\t\t\t\t<div class=\"elementor-widget-container\">\n\t\t\t\t\t\t\t\t<p>Na 2112Lab entendemos que a gest\u00e3o de projetos na \u00e1rea de comunica\u00e7\u00e3o e marketing pode ser complexa e trabalhosa. E \u00e9 para unir todas as pontas, reduzir dores de cabe\u00e7a e entregar uma experi\u00eancia exclusiva a p\u00fablicos espec\u00edficos que estamos aqui.<\/p><p>Queremos, sim, produzir e promover a\u00e7\u00f5es relevantes que eduquem, informem, entretenham. Por isso, ofertamos \u00e0s marcas nossa experi\u00eancia na \u00e1rea de comunica\u00e7\u00e3o com clareza, intelig\u00eancia e empatia.<\/p><p>Somos detalhistas, cuidadosos. Diferente da 2112 Conte\u00fado Criativo, onde nos damos a liberdade de fazer barulho, aqui flertamos com o sutil. Mas o papo \u00e9 reto e direto. Nossa voz \u00e9 franca, n\u00e3o menos simp\u00e1tica.<\/p><p>Porque abra\u00e7amos os desafios e as paix\u00f5es de cada um dos nossos clientes e de seu p\u00fablico. E \u00e9 assim, de forma acess\u00edvel, familiar e calorosa que fazemos a roda girar.<\/p>\t\t\t\t\t\t<\/div>\n\t\t\t\t<\/div>\n\t\t\t\t<div class=\"elementor-element elementor-element-61d7a40 elementor-shape-circle elementor-grid-0 e-grid-align-center elementor-widget elementor-widget-social-icons\" data-id=\"61d7a40\" data-element_type=\"widget\" data-widget_type=\"social-icons.default\">\n\t\t\t\t<div class=\"elementor-widget-container\">\n\t\t\t\t\t<div class=\"elementor-social-icons-wrapper elementor-grid\">\n\t\t\t\t\t\t\t<div class=\"elementor-grid-item\">\n\t\t\t\t\t<a class=\"elementor-icon elementor-social-icon elementor-social-icon-instagram elementor-repeater-item-00748cb\" href=\"https:\/\/www.instagram.com\/2112lab\/\" target=\"_blank\">\n\t\t\t\t\t\t<span class=\"elementor-screen-only\">Instagram<\/span>\n\t\t\t\t\t\t<i class=\"fab fa-instagram\"><\/i>\t\t\t\t\t<\/a>\n\t\t\t\t<\/div>\n\t\t\t\t\t\t\t<div class=\"elementor-grid-item\">\n\t\t\t\t\t<a class=\"elementor-icon elementor-social-icon elementor-social-icon-linkedin elementor-repeater-item-08a735d\" href=\"https:\/\/www.linkedin.com\/company\/2112lab\" target=\"_blank\">\n\t\t\t\t\t\t<span class=\"elementor-screen-only\">Linkedin<\/span>\n\t\t\t\t\t\t<i class=\"fab fa-linkedin\"><\/i>\t\t\t\t\t<\/a>\n\t\t\t\t<\/div>\n\t\t\t\t\t\t\t<div class=\"elementor-grid-item\">\n\t\t\t\t\t<a class=\"elementor-icon elementor-social-icon elementor-social-icon-envelope elementor-repeater-item-888c050\" href=\"mailto:contato@2112lab.com.br\" target=\"_blank\">\n\t\t\t\t\t\t<span class=\"elementor-screen-only\">Envelope<\/span>\n\t\t\t\t\t\t<i class=\"fas fa-envelope\"><\/i>\t\t\t\t\t<\/a>\n\t\t\t\t<\/div>\n\t\t\t\t\t\t\t<div class=\"elementor-grid-item\">\n\t\t\t\t\t<a class=\"elementor-icon elementor-social-icon elementor-social-icon-whatsapp elementor-repeater-item-d15c0a9\" href=\"https:\/\/api.whatsapp.com\/send?phone=5512991870640&#038;text=Ol%C3%A1.%20Estava%20navegando%20no%20site%20https%3A%2F%2F2112lab.com.br%2Fhome%2C%20e%20gostaria%20de%20mais%20informa%C3%A7%C3%B5es.\" target=\"_blank\">\n\t\t\t\t\t\t<span class=\"elementor-screen-only\">Whatsapp<\/span>\n\t\t\t\t\t\t<i class=\"fab fa-whatsapp\"><\/i>\t\t\t\t\t<\/a>\n\t\t\t\t<\/div>\n\t\t\t\t\t<\/div>\n\t\t\t\t<\/div>\n\t\t\t\t<\/div>\n\t\t\t\t<div class=\"elementor-element elementor-element-6fe370f elementor-align-center elementor-widget elementor-widget-button\" data-id=\"6fe370f\" data-element_type=\"widget\" data-widget_type=\"button.default\">\n\t\t\t\t<div class=\"elementor-widget-container\">\n\t\t\t\t\t<div class=\"elementor-button-wrapper\">\n\t\t\t<a href=\"https:\/\/2112lab.com.br\/home\/home\/\" class=\"elementor-button-link elementor-button elementor-size-lg\" role=\"button\">\n\t\t\t\t\t\t<span class=\"elementor-button-content-wrapper\">\n\t\t\t\t\t\t<span class=\"elementor-button-text\">P\u00e1gina Inicial<\/span>\n\t\t<\/span>\n\t\t\t\t\t<\/a>\n\t\t<\/div>\n\t\t\t\t<\/div>\n\t\t\t\t<\/div>\n\t\t\t\t<div class=\"elementor-element elementor-element-c7b71fe elementor-widget-divider--view-line elementor-widget elementor-widget-divider\" data-id=\"c7b71fe\" data-element_type=\"widget\" data-widget_type=\"divider.default\">\n\t\t\t\t<div class=\"elementor-widget-container\">\n\t\t\t\t\t<div class=\"elementor-divider\">\n\t\t\t<span class=\"elementor-divider-separator\">\n\t\t\t\t\t\t<\/span>\n\t\t<\/div>\n\t\t\t\t<\/div>\n\t\t\t\t<\/div>\n\t\t\t\t<div class=\"elementor-element elementor-element-ff4e5b7 elementor-widget elementor-widget-image\" data-id=\"ff4e5b7\" data-element_type=\"widget\" data-widget_type=\"image.default\">\n\t\t\t\t<div class=\"elementor-widget-container\">\n\t\t\t\t\t\t\t\t\t\t\t\t\t\t\t<img src=\"https:\/\/2112lab.com.br\/home\/wp-content\/uploads\/2021\/06\/logo_2112_lab.png\" title=\"logo_2112_lab\" alt=\"logo_2112_lab\" \/>\t\t\t\t\t\t\t\t\t\t\t\t\t\t\t<\/div>\n\t\t\t\t<\/div>\n\t\t\t\t\t<\/div>\n\t\t<\/div>\n\t\t\t\t\t\t\t<\/div>\n\t\t<\/section>\n\t\t\t\t\t\t<\/div>\n\t\t\t\t\t<\/div>\n\t\t","protected":false},"excerpt":{"rendered":"<p>Na 2112Lab entendemos que a gest\u00e3o de projetos na \u00e1rea de comunica\u00e7\u00e3o e marketing pode ser complexa e trabalhosa. E \u00e9 para unir todas as pontas, reduzir dores de cabe\u00e7a e entregar uma experi\u00eancia exclusiva a p\u00fablicos espec\u00edficos que estamos aqui. Queremos, sim, produzir e promover a\u00e7\u00f5es relevantes que eduquem, informem, entretenham. Por isso, ofertamos [&hellip;]<\/p>\n","protected":false},"author":1,"featured_media":0,"parent":0,"menu_order":0,"comment_status":"closed","ping_status":"closed","template":"elementor_canvas","meta":[],"_links":{"self":[{"href":"https:\/\/2112lab.com.br\/home\/wp-json\/wp\/v2\/pages\/371"}],"collection":[{"href":"https:\/\/2112lab.com.br\/home\/wp-json\/wp\/v2\/pages"}],"about":[{"href":"https:\/\/2112lab.com.br\/home\/wp-json\/wp\/v2\/types\/page"}],"author":[{"embeddable":true,"href":"https:\/\/2112lab.com.br\/home\/wp-json\/wp\/v2\/users\/1"}],"replies":[{"embeddable":true,"href":"https:\/\/2112lab.com.br\/home\/wp-json\/wp\/v2\/comments?post=371"}],"version-history":[{"count":19,"href":"https:\/\/2112lab.com.br\/home\/wp-json\/wp\/v2\/pages\/371\/revisions"}],"predecessor-version":[{"id":393,"href":"https:\/\/2112lab.com.br\/home\/wp-json\/wp\/v2\/pages\/371\/revisions\/393"}],"wp:attachment":[{"href":"https:\/\/2112lab.com.br\/home\/wp-json\/wp\/v2\/media?parent=371"}],"curies":[{"name":"wp","href":"https:\/\/api.w.org\/{rel}","templated":true}]}}